
{"id":125,"date":"2014-09-15T12:02:04","date_gmt":"2014-09-15T12:02:04","guid":{"rendered":"http:\/\/silonchantait.fr\/WordPress\/?page_id=125"},"modified":"2014-11-08T17:57:50","modified_gmt":"2014-11-08T17:57:50","slug":"composition-du-bureau","status":"publish","type":"page","link":"https:\/\/silonchantait.fr\/WordPress\/presentation\/composition-du-bureau-2\/composition-du-bureau\/","title":{"rendered":"Composition du Bureau 2013 &#8211; 2014"},"content":{"rendered":"<ul>\n<li><span style=\"color: #000000; font-size: 12pt;\"><span style=\"color: #ff0000;\"><strong><em>Pr\u00e9sident<\/em><\/strong><\/span> : <strong>Eric STAMPFER<\/strong><\/span>\n<ul>\n<li><span style=\"color: #000000; font-size: 12pt;\">1er Vice Pr\u00e9sident : <strong>Daniel ROGIC<\/strong><\/span><\/li>\n<li><span style=\"color: #000000; font-size: 12pt;\">2\u00e8me Vice Pr\u00e9sident : <strong>Ren\u00e9 GALLET<\/strong><\/span><\/li>\n<li><span style=\"color: #000000; font-size: 12pt;\">Charg\u00e9 de Communication : <strong>Daniel THOMAS<\/strong><\/span><\/li>\n<\/ul>\n<\/li>\n<li><span style=\"color: #000000; font-size: 12pt;\"><span style=\"color: #ff0000;\"><strong><em>Tr\u00e9sorier<\/em><\/strong><\/span> : <strong>Hubert PARIS<\/strong><\/span>\n<ul>\n<li><span style=\"color: #000000; font-size: 12pt;\">Tr\u00e9sori\u00e8re Adjointe : <strong>Evelyne HUGUET<\/strong><\/span><\/li>\n<\/ul>\n<\/li>\n<li><span style=\"color: #000000; font-size: 12pt;\"><span style=\"color: #ff0000;\"><strong><em>Secr\u00e9taire<\/em><\/strong><\/span> : <strong>Christiane DUBY<\/strong><\/span>\n<ul>\n<li><span style=\"color: #000000; font-size: 12pt;\">S\u00e9cr\u00e9taire Adjointe : <strong>Amandine STAMPFER<\/strong><\/span><\/li>\n<\/ul>\n<\/li>\n<li><span style=\"color: #000000; font-size: 12pt;\"><span style=\"color: #ff0000;\"><strong><em>Membre permanent<\/em><\/strong> <\/span>: <strong>Colette BANANT<\/strong><\/span><\/li>\n<\/ul>\n<p><span style=\"font-size: 12pt;\">\u00a0<\/span><\/p>\n<p><a title=\"Historique du Bureau\" href=\"https:\/\/silonchantait.fr\/WordPress\/?page_id=122\"><em><span style=\"color: #3366ff; font-family: comic sans ms,sans-serif; font-size: 12pt;\"><span style=\"text-decoration: underline;\"><strong><span style=\"text-decoration: underline;\">Historique du Bureau<\/span><\/strong><\/span><\/span><\/em><\/a><\/p>\n<p><em><span style=\"font-family: comic sans ms,sans-serif; font-size: 12pt;\"><a title=\"Pr\u00e9sentation\" href=\"https:\/\/silonchantait.fr\/WordPress\/?page_id=127\"><strong>Retour Pr\u00e9sentation<\/strong><\/a><\/span><\/em><\/p>\n","protected":false},"excerpt":{"rendered":"<p>Pr\u00e9sident : Eric STAMPFER 1er Vice Pr\u00e9sident : Daniel ROGIC 2\u00e8me Vice Pr\u00e9sident : Ren\u00e9 GALLET Charg\u00e9 de Communication : Daniel THOMAS Tr\u00e9sorier : Hubert PARIS Tr\u00e9sori\u00e8re Adjointe : Evelyne HUGUET Secr\u00e9taire : Christiane DUBY S\u00e9cr\u00e9taire Adjointe : Amandine STAMPFER<span class=\"ellipsis\">&hellip;<\/span><\/p>\n<div class=\"read-more\"><a href=\"https:\/\/silonchantait.fr\/WordPress\/presentation\/composition-du-bureau-2\/composition-du-bureau\/\">Lire la suite &#8250;<\/a><\/div>\n<p><!-- end of .read-more --><\/p>\n","protected":false},"author":8,"featured_media":0,"parent":1561,"menu_order":0,"comment_status":"closed","ping_status":"open","template":"","meta":{"ngg_post_thumbnail":0,"_mc_calendar":[],"footnotes":""},"class_list":["post-125","page","type-page","status-publish","hentry"],"_links":{"self":[{"href":"https:\/\/silonchantait.fr\/WordPress\/wp-json\/wp\/v2\/pages\/125","targetHints":{"allow":["GET"]}}],"collection":[{"href":"https:\/\/silonchantait.fr\/WordPress\/wp-json\/wp\/v2\/pages"}],"about":[{"href":"https:\/\/silonchantait.fr\/WordPress\/wp-json\/wp\/v2\/types\/page"}],"author":[{"embeddable":true,"href":"https:\/\/silonchantait.fr\/WordPress\/wp-json\/wp\/v2\/users\/8"}],"replies":[{"embeddable":true,"href":"https:\/\/silonchantait.fr\/WordPress\/wp-json\/wp\/v2\/comments?post=125"}],"version-history":[{"count":0,"href":"https:\/\/silonchantait.fr\/WordPress\/wp-json\/wp\/v2\/pages\/125\/revisions"}],"up":[{"embeddable":true,"href":"https:\/\/silonchantait.fr\/WordPress\/wp-json\/wp\/v2\/pages\/1561"}],"wp:attachment":[{"href":"https:\/\/silonchantait.fr\/WordPress\/wp-json\/wp\/v2\/media?parent=125"}],"curies":[{"name":"wp","href":"https:\/\/api.w.org\/{rel}","templated":true}]}}