
{"id":131,"date":"2014-09-15T12:12:20","date_gmt":"2014-09-15T12:12:20","guid":{"rendered":"http:\/\/silonchantait.fr\/WordPress\/?page_id=131"},"modified":"2014-10-27T07:08:39","modified_gmt":"2014-10-27T07:08:39","slug":"dogora","status":"publish","type":"page","link":"https:\/\/silonchantait.fr\/WordPress\/concerts\/dogora\/","title":{"rendered":"DOGORA"},"content":{"rendered":"<p><span style=\"color: #000000;\"><strong><em><span style=\"color: #0000ff; font-size: 18pt;\">DOGORA<\/span><span style=\"font-family: comic sans ms,sans-serif; font-size: 14pt;\"> :<\/span><\/em><\/strong><span style=\"font-family: comic sans ms,sans-serif; font-size: 14pt;\"> un concert \u00e0 guichet ferm\u00e9 avec plus de 2000 spectateurs, 600 choristes accompagn\u00e9s par l\u2019orchestre symphonique de M\u00e2con et dirig\u00e9 par Eric Geneste. <span style=\"color: #ff0000;\">Une aventure d\u2019une forte intensit\u00e9 musicale et rempli d\u2019\u00e9motions<\/span>.<\/span><\/span><br \/>\n<iframe loading=\"lazy\" style=\"background: url('http:\/\/127.0.0.1\/silonchantait\/wordpress\/wp-includes\/js\/tinymce\/skins\/lightgray\/img\/object.gif') no-repeat 50% 50% #d5d5d5; font: 13px\/19px 'comic sans ms', sans-serif; outline: #777777 solid 1px; border: 1px dotted #3a3a3a; color: #333333; text-transform: none; text-indent: 0px; letter-spacing: normal; word-spacing: 0px; white-space: normal; font-size-adjust: none; font-stretch: normal; resize: none; -webkit-text-stroke-width: 0px;\" src=\"\/\/www.youtube.com\/embed\/-Ggu0dKmi0o?rel=0\" width=\"747\" height=\"420\" frameborder=\"0\" allowfullscreen=\"allowfullscreen\"><\/iframe><\/p>\n<p>&nbsp;<\/p>\n<table>\n<tbody>\n<tr>\n<td><span style=\"font-family: helvetica; font-size: 12pt;\"><a href=\"http:\/\/127.0.0.1\/silonchantait\/wordpress\/?page_id=661\"><strong>Retour \u00ab\u00a0Le mot du Pr\u00e9sident\u00a0\u00bb<\/strong><\/a><\/span><\/td>\n<\/tr>\n<\/tbody>\n<\/table>\n","protected":false},"excerpt":{"rendered":"<p>DOGORA : un concert \u00e0 guichet ferm\u00e9 avec plus de 2000 spectateurs, 600 choristes accompagn\u00e9s par l\u2019orchestre symphonique de M\u00e2con et dirig\u00e9 par Eric Geneste. Une aventure d\u2019une forte intensit\u00e9 musicale et rempli d\u2019\u00e9motions. &nbsp; Retour \u00ab\u00a0Le mot du Pr\u00e9sident\u00a0\u00bb<\/p>\n","protected":false},"author":8,"featured_media":0,"parent":295,"menu_order":0,"comment_status":"closed","ping_status":"open","template":"","meta":{"ngg_post_thumbnail":0,"_mc_calendar":[],"footnotes":""},"class_list":["post-131","page","type-page","status-publish","hentry"],"_links":{"self":[{"href":"https:\/\/silonchantait.fr\/WordPress\/wp-json\/wp\/v2\/pages\/131","targetHints":{"allow":["GET"]}}],"collection":[{"href":"https:\/\/silonchantait.fr\/WordPress\/wp-json\/wp\/v2\/pages"}],"about":[{"href":"https:\/\/silonchantait.fr\/WordPress\/wp-json\/wp\/v2\/types\/page"}],"author":[{"embeddable":true,"href":"https:\/\/silonchantait.fr\/WordPress\/wp-json\/wp\/v2\/users\/8"}],"replies":[{"embeddable":true,"href":"https:\/\/silonchantait.fr\/WordPress\/wp-json\/wp\/v2\/comments?post=131"}],"version-history":[{"count":0,"href":"https:\/\/silonchantait.fr\/WordPress\/wp-json\/wp\/v2\/pages\/131\/revisions"}],"up":[{"embeddable":true,"href":"https:\/\/silonchantait.fr\/WordPress\/wp-json\/wp\/v2\/pages\/295"}],"wp:attachment":[{"href":"https:\/\/silonchantait.fr\/WordPress\/wp-json\/wp\/v2\/media?parent=131"}],"curies":[{"name":"wp","href":"https:\/\/api.w.org\/{rel}","templated":true}]}}