
{"id":1417,"date":"2014-10-25T07:37:14","date_gmt":"2014-10-25T07:37:14","guid":{"rendered":"http:\/\/silonchantait.fr\/WordPress\/?page_id=1417"},"modified":"2014-10-25T07:57:12","modified_gmt":"2014-10-25T07:57:12","slug":"historique-de-la-chorale","status":"publish","type":"page","link":"https:\/\/silonchantait.fr\/WordPress\/presentation\/historique-de-la-chorale\/","title":{"rendered":"Historique de la Chorale"},"content":{"rendered":"<p style=\"text-align: justify;\"><span style=\"color: #000000; font-size: 12pt; font-family: 'comic sans ms', sans-serif;\">La chorale \u00ab\u00a0Si l\u2019on Chantait\u00a0\u00bb a d\u00e9but\u00e9<span style=\"color: #0000ff;\"> le 17 novembre 1995<\/span>. Son chef \u00e9tait alors<em><strong> <span style=\"color: #ff00ff;\">Sissi LHOUMEAU<\/span><\/strong><\/em>\u00a0accompagn\u00e9e au piano par son mari Yves. Elle va diriger le groupe jusqu\u2019au 30 septembre 2001. Le r\u00e9pertoire de cette \u00e9poque \u00e9tait vari\u00e9 et la chorale donnait un concert avant No\u00ebl. Elle participait \u00e9galement \u00e0 la F\u00eate de la Musique.<\/span><\/p>\n<p style=\"text-align: justify;\"><span style=\"color: #000000; font-size: 12pt; font-family: 'comic sans ms', sans-serif;\">\u00a0<\/span><\/p>\n<p style=\"text-align: justify;\"><span style=\"color: #000000; font-size: 12pt; font-family: 'comic sans ms', sans-serif;\">Par contre, <span style=\"color: #008000;\"><span style=\"color: #000000;\">la chorale ne sera d\u00e9clar\u00e9e en pr\u00e9fecture que<\/span> <span style=\"color: #0000ff;\">le 17 novembre 1998<\/span><\/span> et sa cr\u00e9ation para\u00eetra au J.O. <span style=\"color: #0000ff;\">le 12 d\u00e9cembre 1998<\/span>. (Association de type \u00ab\u00a0loi du 1\/7\/1901\u00a0\u00bb).<\/span><\/p>\n<p style=\"text-align: justify;\"><span style=\"color: #000000; font-size: 12pt; font-family: 'comic sans ms', sans-serif;\">\u00a0<\/span><\/p>\n<p style=\"text-align: justify;\"><span style=\"color: #000000; font-size: 12pt; font-family: 'comic sans ms', sans-serif;\">A souligner qu\u2019un des cr\u00e9ateurs de la chorale est son actuel tr\u00e9sorier\u00a0: <strong><em>Hubert PARIS<\/em><\/strong>. <strong><em>Christiane DUBY<\/em><\/strong>, secr\u00e9taire de \u00ab\u00a0Si l\u2019on Chantait\u00a0\u00bb depuis 2007, fait \u00e9galement partie des recrues les plus anciennes.<\/span><\/p>\n<p style=\"text-align: justify;\"><span style=\"color: #000000; font-size: 12pt; font-family: 'comic sans ms', sans-serif;\">\u00a0<\/span><\/p>\n<p style=\"text-align: justify;\"><span style=\"color: #000000; font-size: 12pt; font-family: 'comic sans ms', sans-serif;\">Lorsque <em><strong><span style=\"color: #ff00ff;\">Nathalie BETAIMI<\/span><\/strong><\/em>\u00a0prend la rel\u00e8ve, la chorale chante alors \u00ab\u00a0\u00e0 capella\u00a0\u00bb, c\u2019est-\u00e0-dire sans instrument d\u2019accompagnement. C\u2019est alors un groupe d\u2019une trentaine de personnes.<\/span><span style=\"font-family: 'comic sans ms', sans-serif; font-size: 12pt;\"><span style=\"color: #000000;\">\u00a0Le rythme des concerts reste le m\u00eame, mais l\u2019organisation change un peu\u00a0: premi\u00e8re partie tr\u00e8s vari\u00e9e et deuxi\u00e8me partie plus classique.<\/span><\/span><\/p>\n<p style=\"text-align: justify;\"><span style=\"color: #000000; font-size: 12pt; font-family: 'comic sans ms', sans-serif;\">\u00a0<\/span><\/p>\n<p style=\"text-align: justify;\"><span style=\"color: #000000; font-size: 12pt; font-family: 'comic sans ms', sans-serif;\">L\u2019usage fait appara\u00eetre que les Sanc\u00e9ens aiment beaucoup le concert donn\u00e9 en d\u00e9cembre mais semblent ignorer notre participation \u00e0 la F\u00eate de la Musique sans doute trop concurrenc\u00e9e par les festivit\u00e9s M\u00e2connaises. La participation \u00e0 cette soir\u00e9e musicale a donc \u00e9t\u00e9 abandonn\u00e9e et le concert annuel a pour sa part \u00e9t\u00e9 d\u00e9plac\u00e9 au dernier dimanche de janvier pour \u00e9viter la concurrence des nombreuses festivit\u00e9s de d\u00e9cembre.<\/span><\/p>\n<p style=\"text-align: justify;\"><span style=\"color: #000000; font-size: 12pt; font-family: 'comic sans ms', sans-serif;\">\u00a0<\/span><\/p>\n<p style=\"text-align: justify;\"><span style=\"color: #000000; font-size: 12pt; font-family: 'comic sans ms', sans-serif;\"><em><strong><span style=\"color: #ff00ff;\">Olivia GALLINA<\/span><\/strong><\/em> dirige le ch\u0153ur, qui compte alors une quarantaine de choristes, depuis la saison 2009\/2010. Sous son \u00e9gide les effectifs viennent d\u2019atteindre la soixantaine de personnes, ce qui repr\u00e9sente un maximum au vu des conditions d\u2019exercice (r\u00e9p\u00e9titions et concert local).<\/span><\/p>\n<p style=\"text-align: justify;\"><span style=\"color: #000000; font-size: 12pt; font-family: 'comic sans ms', sans-serif;\">\u00ab\u00a0Si l\u2019on Chantait\u00a0\u00bb a vu \u00e9voluer son r\u00e9pertoire dont le contenu est indiqu\u00e9 dans la rubrique sp\u00e9cifique de ce site.<\/span><\/p>\n<p style=\"text-align: justify;\"><span style=\"color: #000000; font-size: 12pt; font-family: 'comic sans ms', sans-serif;\">\u00a0<\/span><\/p>\n<p style=\"text-align: justify;\"><span style=\"color: #000000; font-size: 12pt; font-family: 'comic sans ms', sans-serif;\">\u00ab\u00a0Si l\u2019on Chantait\u00a0\u00bb a \u00e9t\u00e9 pr\u00e9sid\u00e9e de ses d\u00e9buts \u00e0 2007 par <em><strong><span style=\"color: #008000;\">Genevi\u00e8ve LETOURNEAU<\/span><\/strong><\/em> et de 2007 \u00e0 2013 par <em><strong><span style=\"color: #008000;\">Daniel ROGIC<\/span><\/strong><\/em> qui a pass\u00e9 le flambeau \u00e0 <em><strong><span style=\"color: #008000;\">Eric STAMPFER<\/span><\/strong><\/em>.<\/span><\/p>\n","protected":false},"excerpt":{"rendered":"<p>La chorale \u00ab\u00a0Si l\u2019on Chantait\u00a0\u00bb a d\u00e9but\u00e9 le 17 novembre 1995. Son chef \u00e9tait alors Sissi LHOUMEAU\u00a0accompagn\u00e9e au piano par son mari Yves. Elle va diriger le groupe jusqu\u2019au 30 septembre 2001. Le r\u00e9pertoire de cette \u00e9poque \u00e9tait vari\u00e9 et<span class=\"ellipsis\">&hellip;<\/span><\/p>\n<div class=\"read-more\"><a href=\"https:\/\/silonchantait.fr\/WordPress\/presentation\/historique-de-la-chorale\/\">Lire la suite &#8250;<\/a><\/div>\n<p><!-- end of .read-more --><\/p>\n","protected":false},"author":8,"featured_media":0,"parent":127,"menu_order":0,"comment_status":"closed","ping_status":"closed","template":"","meta":{"ngg_post_thumbnail":0,"_mc_calendar":[],"footnotes":""},"class_list":["post-1417","page","type-page","status-publish","hentry"],"_links":{"self":[{"href":"https:\/\/silonchantait.fr\/WordPress\/wp-json\/wp\/v2\/pages\/1417","targetHints":{"allow":["GET"]}}],"collection":[{"href":"https:\/\/silonchantait.fr\/WordPress\/wp-json\/wp\/v2\/pages"}],"about":[{"href":"https:\/\/silonchantait.fr\/WordPress\/wp-json\/wp\/v2\/types\/page"}],"author":[{"embeddable":true,"href":"https:\/\/silonchantait.fr\/WordPress\/wp-json\/wp\/v2\/users\/8"}],"replies":[{"embeddable":true,"href":"https:\/\/silonchantait.fr\/WordPress\/wp-json\/wp\/v2\/comments?post=1417"}],"version-history":[{"count":1,"href":"https:\/\/silonchantait.fr\/WordPress\/wp-json\/wp\/v2\/pages\/1417\/revisions"}],"predecessor-version":[{"id":10312,"href":"https:\/\/silonchantait.fr\/WordPress\/wp-json\/wp\/v2\/pages\/1417\/revisions\/10312"}],"up":[{"embeddable":true,"href":"https:\/\/silonchantait.fr\/WordPress\/wp-json\/wp\/v2\/pages\/127"}],"wp:attachment":[{"href":"https:\/\/silonchantait.fr\/WordPress\/wp-json\/wp\/v2\/media?parent=1417"}],"curies":[{"name":"wp","href":"https:\/\/api.w.org\/{rel}","templated":true}]}}